
Convert -311320 (base 4) to base 8.
-6570
What is 75b2 (base 12) in base 5?
403300
200110 (base 4) to base 5
31233
What is -1441401 (base 5) in base 13?
-11072
-5502 (base 8) to base 13
-1409
Convert 11121 (base 4) to base 9.
423
Convert -2624 (base 8) to base 9.
-1856
Convert 10356 (base 9) to base 11.
5172
Convert 1004501 (base 6) to base 7.
256033
586 (base 13) to base 2
1110111011
5b91 (base 12) to base 6
115501
What is -13235 (base 6) in base 5?
-31124
What is -311c (base 16) in base 2?
-11000100011100
Convert 2345 (base 8) to base 10.
1253
21233 (base 5) to base 10
1443
What is -925 (base 10) in base 12?
-651
fe (base 16) to base 2
11111110
37990 (base 10) to base 11
265a7
22b41 (base 12) to base 16
b5e1
-1347 (base 10) to base 8
-2503
Convert -24c (base 15) to base 13.
-312
4026 (base 7) to base 13
831
What is 71250 (base 8) in base 9?
44233
690 (base 11) to base 16
339
Convert -523 (base 14) to base 9.
-1343
-1011101100101 (base 2) to base 5
-142424
What is -303313 (base 4) in base 3?
-11112221
What is -9c79 (base 13) in base 11?
-15500
Convert 10010221 (base 5) to base 9.
130087
What is -356 (base 11) in base 3?
-120201
Convert -1022131 (base 4) to base 11.
-3642
-111110101 (base 2) to base 9
-616
What is 110000 (base 4) in base 3?
1202102
What is 5396 (base 12) in base 8?
21742
Convert -527 (base 8) to base 2.
-101010111
Convert -113020 (base 4) to base 3.
-2000211
Convert 12001100 (base 3) to base 10.
3681
What is 2440 (base 5) in base 15?
19a
What is -21 (base 10) in base 9?
-23
Convert 420 (base 6) to base 9.
183
Convert 5ea (base 15) to base 2.
10101000001
What is 32a5 (base 14) in base 10?
8769
Convert -4bc7 (base 13) to base 14.
-3d22
1111 (base 4) to base 6
221
Convert -1000001110 (base 2) to base 3.
-201111
Convert 12b8 (base 12) to base 8.
4154
What is 111111110 (base 2) in base 5?
4020
788 (base 10) to base 7
2204
83c (base 13) to base 5
21103
Convert 34243 (base 5) to base 9.
3320
What is 273 (base 11) in base 13?
1ba
What is -20387 (base 12) in base 2?
-1010010000010111
Convert 1285 (base 10) to base 3.
1202121
What is 2cca (base 14) in base 9?
11888
What is 15116 (base 11) in base 3?
1002101212
Convert 110110100110011 (base 2) to base 3.
1102100101
Convert -11010000000 (base 2) to base 10.
-1664
What is 2322 (base 7) in base 8?
1521
What is 1666 (base 8) in base 15?
435
-103211 (base 5) to base 6
-24244
-111111100 (base 2) to base 12
-364
What is -11892 (base 10) in base 3?
-121022110
Convert -101001001011010 (base 2) to base 3.
-1001220211
-1301100 (base 4) to base 11
-549a
2301 (base 5) to base 16
146
-1e7 (base 16) to base 7
-1264
-3300 (base 5) to base 13
-288
What is 100310 (base 5) in base 16?
c85
120263 (base 8) to base 15
c2c9
What is -11001011 (base 2) in base 14?
-107
What is 545 (base 6) in base 7?
416
Convert -5725 (base 12) to base 15.
-2d02
Convert -432 (base 10) to base 2.
-110110000
-71c (base 13) to base 2
-10010111000
Convert 786 (base 15) to base 12.
b99
-a5a1 (base 11) to base 4
-3123022
Convert -26 (base 14) to base 10.
-34
What is 14263 (base 16) in base 11?
57009
-512 (base 6) to base 13
-116
-30941 (base 10) to base 7
-156131
Convert -ba0 (base 16) to base 12.
-1880
Convert -2022 (base 6) to base 11.
-376
b26b (base 14) to base 15
914b
What is 1c3b (base 14) in base 15?
17d4
21013 (base 4) to base 7
1462
What is -1443 (base 6) in base 4?
-12003
Convert 561 (base 8) to base 7.
1035
Convert -2551 (base 7) to base 5.
-12332
What is -1712 (base 8) in base 5?
-12340
Convert 23076 (base 8) to base 5.
303130
Convert -18172 (base 11) to base 6.
-314001
-2358 (base 12) to base 4
-331310
What is 10100011110 (base 2) in base 12?
912
ccd (base 16) to base 5
101102
Convert 4778 (base 9) to base 14.
141c
1133 (base 4) to base 2
1011111
What is -13305 (base 6) in base 14?
-a6d
Convert -5609 (base 13) to base 3.
-121110202
Convert 432 (base 10) to base 5.
3212
What is -100444 (base 7) in base 2?
-100001010001011
What is -13654 (base 15) in base 12?
-2bb97
Convert -10001111001000 (base 2) to base 8.
-21710
What is 14411 (base 8) in base 16?
1909
What is -93 (base 13) in base 12?
-a0
What is 220012 (base 4) in base 3?
10112001
What is -536 (base 8) in base 3?
-110222
What is -7375 (base 9) in base 16?
-1526
What is 1253 (base 7) in base 11?
3a6
Convert 1874 (base 9) to base 3.
1222111
What is -510 (base 6) in base 14?
-d4
-407 (base 8) to base 12
-19b
-11818 (base 11) to base 10
-16959
-662 (base 9) to base 15
-262
Convert 3252 (base 6) to base 7.
2123
-1540 (base 12) to base 2
-100111000000
-9dc (base 16) to base 7
-10234
100010100101 (base 2) to base 5
32323
What is -33002 (base 4) in base 13?
-590
-11503 (base 9) to base 13
-3672
Convert 5331 (base 7) to base 15.
859
Convert -18448 (base 9) to base 2.
-11000111011001
What is -606 (base 14) in base 13?
-6cc
-983 (base 11) to base 2
-10010011100
What is 276 (base 12) in base 10?
378
What is -2800 (base 16) in base 9?
-15037
What is -2 (base 5) in base 15?
-2
Convert 87b (base 15) to base 4.
131330
What is -222213 (base 5) in base 8?
-17200
-12103111 (base 4) to base 3
-1022102001
Convert -2012121022 (base 3) to base 16.
-a9bb
Convert -b2c (base 16) to base 8.
-5454
23a (base 13) to base 7
1062
What is 78c (base 16) in base 8?
3614
What is -667 (base 8) in base 16?
-1b7
Convert -2379 (base 12) to base 6.
-30233
What is -5120 (base 15) in base 3?
-212111110
-120212 (base 3) to base 11
-35a
-100113 (base 5) to base 6
-22342
What is 19b96 (base 15) in base 11?
57905
Convert 1404220 (base 5) to base 16.
700d
-1154 (base 7) to base 2
-110101111
Convert -2102 (base 7) to base 13.
-449
Convert 1054221 (base 6) to base 2.
1101001101000101
What is 10122 (base 4) in base 9?
343
5412 (base 11) to base 3
100210220
-3505 (base 9) to base 2
-101000100101
-225324 (base 6) to base 16
-4b94
Convert 5313 (base 11) to base 10.
7032
-103320 (base 4) to base 13
-76b
532 (base 6) to base 7
404
What is -516 (base 14) in base 8?
-1750
6a5 (base 13) to base 11
955
What is -ce8 (base 16) in base 13?
-1672
-1b86 (base 13) to base 15
-137b
What is -4709 (base 11) in base 7?
-24006
-113532 (base 6) to base 8
-23300
Convert -363220 (base 7) to base 6.
-1225224
What is -23271 (base 9) in base 15?
-490a
1446 (base 12) to base 2
100100110110
Convert 9352 (base 10) to base 13.
4345
-721 (base 8) to base 5
-3330
What is 1010221 (base 3) in base 9?
1127
What is -23112 (base 5) in base 14?
-865
10924 (base 10) to base 11
8231
What is 21058 (base 9) in base 7?
55352
Convert 1210212 (base 3) to base 5.
20234
Convert -14255 (base 7) to base 16.
-f47
Convert -32312021 (base 4) to base 7.
-342200
What is -4233303 (base 5) in base 2?
-10001010110100110
-37a (base 11) to base 10
-450
What is 380 (base 11) in base 9?
551
Convert 18218 (base 10) to base 7.
104054
Convert -1b688 (base 12) to base 7.
-226460
Convert 1565 (base 16) to base 7.
21653
6791 (base 10) to base 14
2691
What is -5b4 (base 15) in base 8?
-2416
What is -57d8 (base 15) in base 4?
-10203131
-362 (base 11) to base 2
-110101111
Convert 375 (base 16) to base 14.
473
13756 (base 10) to base 9
20774
Convert ba7 (base 16) to base 12.
1887
Convert 1131303 (base 4) to base 10.
6003
Convert -1754 (base 11) to base 9.
-3055
Convert 13101 (base 4) to base 12.
329
-32654 (base 7) to base 3
-102021112
Convert 2bb (base 13) to base 16.
1ec
1360 (base 7) to base 15
257
-41d (base 15) to base 5
-12203
-1000021 (base 3) to base 14
-3a8
16333 (base 10) to base 2
11111111001101
Convert 100111011 (base 2) to base 7.
630
-4421 (base 11) to base 7
-23000
-10208 (base 11) to base 13
-6a16
What is 3690 (base 12) in base 3?
22110000
What is 1867 (base 13) in base 11?
2804
Convert 5283 (base 14) to base 11.
a764
20113 (base 4) to base 15
25a
Convert -221 (base 7) to base 15.
-78
11322 (base 5) to base 13
4c5
What is 32620 (base 8) in base 10?
13712
-3561 (base 8) to base 14
-9a1
Convert 579 (base 12) to base 5.
11223
Convert 20355 (base 6) to base 8.
5257
12230021 (base 4) to base 7
142613
-3622 (base 10) to base 15
-1117
Convert -144a (base 13) to base 9.
-4021
What is -1403 (base 7) in base 4?
-20132
What is 1132 (base 10) in base 16?
46c
What is -186 (base 10) in base 7?
-354
What is ef8 (base 16) in base 11?
2974
What is 100000010111010 (base 2) in base 14?